464?
2, 827
What are the prime factors of 1010?
2, 5, 101
What are the prime factors of 10188?
2, 3, 283
What are the prime factors of 3154?
2, 19, 83
List the prime factors of 3667.
19, 193
List the prime factors of 787.
787
List the prime factors of 26395.
5, 5279
What are the prime factors of 4784?
2, 13, 23
List the prime factors of 954.
2, 3, 53
List the prime factors of 4775.
5, 191
List the prime factors of 20150.
2, 5, 13, 31
What are the prime factors of 6816?
2, 3, 71
List the prime factors of 8346.
2, 3, 13, 107
What are the prime factors of 33537?
3, 7, 1597
What are the prime factors of 604?
2, 151
What are the prime factors of 387?
3, 43
What are the prime factors of 1087?
1087
What are the prime factors of 734?
2, 367
List the prime factors of 3001.
3001
What are the prime factors of 63245?
5, 7, 13, 139
List the prime factors of 4136.
2, 11, 47
What are the prime factors of 10448?
2, 653
What are the prime factors of 1286?
2, 643
List the prime factors of 1212.
2, 3, 101
List the prime factors of 5342.
2, 2671
List the prime factors of 2812.
2, 19, 37
List the prime factors of 980.
2, 5, 7
What are the prime factors of 1830?
2, 3, 5, 61
List the prime factors of 38234.
2, 7, 2731
What are the prime factors of 1695?
3, 5, 113
What are the prime factors of 173?
173
List the prime factors of 1325.
5, 53
What are the prime factors of 58042?
2, 29021
What are the prime factors of 59202?
2, 3, 11, 13, 23
What are the prime factors of 84725?
5, 3389
List the prime factors of 6788.
2, 1697
What are the prime factors of 70435?
5, 14087
List the prime factors of 2464.
2, 7, 11
List the prime factors of 717.
3, 239
What are the prime factors of 61939?
23, 2693
List the prime factors of 14280.
2, 3, 5, 7, 17
List the prime factors of 3912.
2, 3, 163
What are the prime factors of 953?
953
List the prime factors of 7107.
3, 23, 103
What are the prime factors of 54559?
54559
What are the prime factors of 30249?
3, 3361
List the prime factors of 10970.
2, 5, 1097
List the prime factors of 62945.
5, 12589
List the prime factors of 5293.
67, 79
What are the prime factors of 8164?
2, 13, 157
What are the prime factors of 42314?
2, 21157
What are the prime factors of 12611?
12611
What are the prime factors of 1741?
1741
List the prime factors of 4859.
43, 113
List the prime factors of 3012.
2, 3, 251
List the prime factors of 15942.
2, 3, 2657
List the prime factors of 5071.
11, 461
What are the prime factors of 243?
3
List the prime factors of 4926.
2, 3, 821
What are the prime factors of 2143?
2143
List the prime factors of 14883.
3, 11, 41
What are the prime factors of 3575?
5, 11, 13
What are the prime factors of 1852?
2, 463
List the prime factors of 4173.
3, 13, 107
What are the prime factors of 2147?
19, 113
List the prime factors of 1114.
2, 557
List the prime factors of 203851.
19, 10729
List the prime factors of 84529.
137, 617
List the prime factors of 1464.
2, 3, 61
What are the prime factors of 19286?
2, 9643
What are the prime factors of 87417?
3, 11, 883
List the prime factors of 33989.
41, 829
List the prime factors of 25104.
2, 3, 523
What are the prime factors of 55078?
2, 27539
List the prime factors of 511.
7, 73
List the prime factors of 100004.
2, 23, 1087
List the prime factors of 1056.
2, 3, 11
List the prime factors of 373.
373
What are the prime factors of 1056?
2, 3, 11
What are the prime factors of 149?
149
List the prime factors of 6278.
2, 43, 73
What are the prime factors of 657?
3, 73
List the prime factors of 3544.
2, 443
List the prime factors of 100782.
2, 3, 11, 509
List the prime factors of 129974.
2, 13, 4999
What are the prime factors of 1001?
7, 11, 13
What are the prime factors of 135895?
5, 27179
What are the prime factors of 1016?
2, 127
What are the prime factors of 1014?
2, 3, 13
List the prime factors of 20965.
5, 7, 599
What are the prime factors of 15190?
2, 5, 7, 31
What are the prime factors of 1036?
2, 7, 37
What are the prime factors of 14497?
7, 19, 109
List the prime factors of 26314.
2, 59, 223
What are the prime factors of 370?
2, 5, 37
List the prime factors of 4410.
2, 3, 5, 7
What are the prime factors of 1160?
2, 5, 29
What are the prime factors of 22467?
3, 7489
List the prime factors of 19332.
2, 3, 179
List the prime factors of 9253.
19, 487
List the prime factors of 1754.
2, 877
What are the prime factors of 1336?
2, 167
What are the prime factors of 8845?
5, 29, 61
List the prime factors of 126.
2, 3, 7
What are the prime factors of 826?
2, 7, 59
List the prime factors of 4321.
29, 149
What are the prime factors of 19705?
5, 7, 563
List the prime factors of 3090.
2, 3, 5, 103
What are the prime factors of 405?
3, 5
What are the prime factors of 2383?
2383
List the prime factors of 32808.
2, 3, 1367
What are the prime factors of 94327?
94327
What are the prime factors of 10584?
2, 3, 7
What are the prime factors of 5127?
3, 1709
List the prime factors of 61145.
5, 7, 1747
List the prime factors of 18518.
2, 47, 197
List the prime factors of 31221.
3, 3469
What are the prime factors of 8619?
3, 13, 17
What are the prime factors of 27322?
2, 19, 719
List the prime factors of 507.
3, 13
What are the prime factors of 2315?
5, 463
List the prime factors of 5058.
2, 3, 281
What are the prime factors of 22567?
22567
What are the prime factors of 400?
2, 5
List the prime factors of 10388.
2, 7, 53
List the prime factors of 20664.
2, 3, 7, 41
What are the prime factors of 64275?
3, 5, 857
What are the prime factors of 2138?
2, 1069
What are the prime factors of 3722?
2, 1861
List the prime factors of 1549.
1549
What are the prime factors of 12?
2, 3
What are the prime factors of 1320?
2, 3, 5, 11
List the prime factors of 9979.
17, 587
What are the prime factors of 1413?
3, 157
List the prime factors of 4062.
2, 3, 677
What are the prime factors of 2472?
2, 3, 103
What are the prime factors of 7109?
7109
List the prime factors of 13749.
3, 4583
List the prime factors of 52414.
2, 73, 359
List the prime factors of 3002.
2, 19, 79
List the prime factors of 22654.
2, 47, 241
List the prime factors of 10946.
2, 13, 421
What are the prime factors of 476?
2, 7, 17
What are the prime factors of 774?
2, 3, 43
What are the prime factors of 16188?
2, 3, 19, 71
What are the prime factors of 6046?
2, 3023
What are the prime factors of 14105?
5, 7, 13, 31
What are the prime factors of 13615?
5, 7, 389
List the prime factors of 14348.
2, 17, 211
List the prime factors of 157328.
2, 9833
What are the prime factors of 93?
3, 31
What are the prime factors of 13368?
2, 3, 557
List the prime factors of 916.
2, 229
What are the prime factors of 1807?
13, 139
List the prime factors of 63369.
3, 2347
List the prime factors of 3389.
3389
List the prime factors of 22958.
2, 13, 883
List the prime factors of 53579.
131, 409
List the prime factors of 21027.
3, 43, 163
List the prime factors of 150630.
2, 3, 5, 5021
What are the prime factors of 34547?
179, 193
List the prime factors of 4017.
3, 13, 103
What are the prime factors of 3197?
23, 139
What are the prime factors of 17475?
3, 5, 233
What are the prime factors of 6900?
2, 3, 5, 23
What are the prime factors of 1408?
2, 11
What are the prime factors of 1794?
2, 3, 13, 23
List the prime factors of 105808.
2, 17, 389
What are the prime factors of 124610?
2, 5, 17, 733
What are the prime factors of 40006?
2, 83, 241
List the prime factors of 11054.
2, 5527
What are the prime factors of 21375?
3, 5, 19
What are the prime factors of 2441?
2441
List the prime factors of 2495.
5, 499
What are the prime factors of 4475?
5, 179
What are the prime factors of 15556?
2, 3889
What are the prime factors of 1113?
3, 7, 53
What are the prime factors of 12465?
3, 5, 277
What are the prime factors of 105768?
2, 3, 13, 113
What are the prime factors of 17099?
17099
What are the prime factors of 776?
2, 97
What are the prime factors of 64594?
2, 32297
List the prime factors of 59657.
13, 353
List the prime factors of 17601.
3, 5867
What are the prime factors of 492?
2, 3, 41
List the prime factors of 8069.
8069
What are the prime factors of 168?
2, 3, 7
List the prime factors of 4798.
2, 2399
List the prime factors of 13580.
2, 5, 7, 97
List the prime factors of 688.
2, 43
Lis